(u) = 4*u + 72. Let r be t(-19). Let f(v) be the second derivative of -v**4/6 - 5*v**3/6 + v**2/2 + v. What is f(r)?
-11
Let a(t) = -t**2 + 10*t - 13. Let c be a(9). Let b = -4 - c. Let k(z) = 3*z - 4. Let w(n) = 13*n - 15. Let u(j) = -9*k(j) + 2*w(j). What is u(b)?
6
Suppose 9 = 2*y - h - 0*h, -3*h = 2*y + 3. Suppose 8*q = 5*c + y*q - 15, -q + 9 = 5*c. Let n(z) = 54 + 54 + 57 - 215 + 52 - 2*z**2. Determine n(c).
-6
Let b(q) = q - 17. Let f be b(17). Suppose f = -5*j - 49 - 6. Let c(y) = -y**2 - 13*y - 14. What is c(j)?
8
Let j(d) be the third derivative of -d**5/30 + d**4/2 - d**3/3 - 192*d**2. Determine j(6).
-2
Let o(l) = -3*l**2 + 21*l - 16. Let d be o(6). Let z = d + -6. Let x(f) = 4*f + 5. Calculate x(z).
-11
Let g(o) = -o - o + 4*o**3 - 5*o**2 - 5*o**3. Let k(c) = -5*c + 5. Let v be k(-4). Suppose 0*q - v = 5*q - 3*j, 3*j + 5 = -q. Calculate g(q).
10
Let i = -80 + 76. Let b(y) be the second derivative of y**4/12 + y**3/6 + 5*y**2/2 + 2*y. Give b(i).
17
Let i(c) = 1 - 1 - 3*c. Let t = 26 + -19. Suppose t*x - 6 - 8 = 0. Give i(x).
-6
Suppose 2*s + 81 = 3*n - 84, -4*s = 4*n + 300. Let k = 77 + s. Let b(c) = -9*c**2 - 6*c + 3. Let h(y) = y**2 - y + 1. Let u(t) = b(t) - 4*h(t). Give u(k).
-12
Let k(m) = -m - 13. Let h(g) = g - 6. Let q be h(6). Let t(a) = -a + 39. Let r be t(q). Let l be (-208)/r - 2/3. Calculate k(l).
-7
Let r(n) = -8*n. Let c(b) = b + 4. Let k be c(-1). Suppose 0 - k = 3*a. Give r(a).
8
Let t(k) be the third derivative of -1/24*k**4 + 0 + 0*k - k**2 - 2/3*k**3. Determine t(3).
-7
Let d(s) = 14 - 21 + 3*s**2 - 2*s**2. Let q be 16/10*15/6. Suppose -8*u = -q*u. Give d(u).
-7
Let r(c) = -32707 + 32712 + 7*c**2 + 6*c**2 + c**3. What is r(-13)?
5
Let d(r) be the second derivative of -r**4/12 - 5*r**3/2 - 5*r**2/2 - 276*r. Determine d(-13).
21
Let f(x) = x**3 - 7*x**2 + 4*x + 5. Let c be (6/15)/((-114)/(-1995)). Calculate f(c).
33
Let v(p) = -4*p**3 + p**2 + 4*p - 3. Suppose -3*r + 1 = 5*m + 26, r - 4*m = 3. Let l(i) = 7*i**3 - 2*i**2 - 8*i + 6. Let b(n) = r*v(n) - 3*l(n). Determine b(2).
1
Let h(v) be the second derivative of 5*v**3/6 - 2*v**2 + 2*v. Let u(b) = b**3 - 4*b**2 + 4*b + 2. Let p be u(3). Determine h(p).
21
Let j(t) = t**2 + 3*t - 1. Suppose -d + l = d - 11, -5*d + 24 = l. Let r(m) = m**3 - 4*m**2 - 3*m - 12. Let n be r(d). What is j(n)?
-3
Let a(p) = -p**2 - 2*p + 9. Let z be a(3). Let g(h) = h. Determine g(z).
-6
Let o(y) = 4 + 10*y**2 - 3*y**3 + 6*y**3 + 2*y + y + 1. Let p(z) = -z**3 - 5*z**2 - z - 3. Let s(m) = -2*o(m) - 5*p(m). Determine s(5).
0
Suppose -7 + 1 = -2*q. Suppose 0 = q*k - k. Let t(s) = -2 + k*s + 1 - 2*s. What is t(-3)?
5
Let u(c) = 1. Let q(t) = t - 4. Let i(z) = -q(z) - 3*u(z). Calculate i(7).
-6
Let z(q) be the third derivative of q**5/60 + 7*q**3/2 + 430*q**2. What is z(0)?
21
Suppose -2*f - f + v = -11, 16 = 4*v. Suppose -w - 2*q - 6 - 2 = 0, -f*w = 2*q. Let k(m) = 3*m - 3 - m**2 - 4*m**3 + 2*m**w - 5*m**2 + 5*m**3. Give k(3).
-3
Let w be 28*4/24*(-6)/(-4). Let u(p) = p**3 - 7*p**2 - 4*p + 36. Let j be u(w). Let d(n) = -n**3 + 7*n**2 + 5*n + 11. Give d(j).
-13
Suppose -5*t + 85 = 75. Let w(i) = 2*i**2 - 5*i**2 - 2 + 4*i**2 - 6*i + 4*i. What is w(t)?
-2
Let d = 0 + 1. Let i(k) = -22*k - 18. Let h(l) = -5*l - 4. Let f(j) = 9*h(j) - 2*i(j). Give f(d).
-1
Let c(f) = -f**2 + 4. Let s(n) = 2*n**3 + 5*n**2 + 4*n + 2. Let o be s(-2). Determine c(o).
0
Let f(a) = a + 1. Let z(s) = 2*s + 20. Let i(g) = 3*f(g) - z(g). Let c(l) = l**2 - 30*l + 7. Let r be c(30). Determine i(r).
-10
Suppose -5*g + 3*b - 97 = 0, 5*b - b + 1 = -g. Let v = g + 38. Let o(d) = -d + 18 + d**3 - v + d - d**2. What is o(3)?
15
Suppose 4*o - 29 = 15. Let h(k) = 1 - 11 + k + 2 + 0*k. Let g be h(o). Let z(l) = l**3 - 3*l**2 - 2*l. Determine z(g).
-6
Let o be -3*(-5)/3*1. Let u be ((-20)/12)/(13/(-39)). Suppose -o*k + 25 = 4*r, u = 2*k - k - r. Let h(j) = j - 1. Give h(k).
4
Let z be ((-8)/6)/((-14)/21). Let u(j) = j - 9*j**z + 10*j**2 + j. Let d be (-1)/1 - (3 - 0). Calculate u(d).
8
Let l(y) = 6*y**2 - 3*y**2 + 13*y**2 - 1 - 2*y. Let p(r) = 65*r**2 - 9*r - 4. Let n(m) = 9*l(m) - 2*p(m). Give n(1).
13
Let y(f) = -28 + 1 + 21*f + 15 + 12. Give y(2).
42
Let o(y) = y**3 - 10*y**2 + 9*y - 13. Suppose -4*i - 8 = -2*g + 2, 4*g + 1 = i. Let k be 3 - g - (0 - 35/7). What is o(k)?
-13
Let i(n) = -4*n**3 - n**2 - n. Let d be i(-1). Let l = -10 - -26. Let k(w) = -19 + 4*w - 3*w + l + 0*w. Determine k(d).
1
Let t(b) = -b**2 - 5*b - 7. Suppose -5*r = -3*k + 2*k + 13, -2*r - 70 = -4*k. Let f be (-14)/(-63) - 76/k. Let o be t(f). Let g(y) = -y - 4. What is g(o)?
-1
Let b(u) = -5*u - 6. Suppose -5*g - 19*g = 0. Give b(g).
-6
Suppose -39*d - 31 = -8*d. Let v(a) = -6*a**3 - a**2 - 2*a - 1. Calculate v(d).
6
Let n = -1/1776 - -593/1776. Let x(y) be the third derivative of 1/30*y**5 + 0*y + 1/6*y**4 + 0 + 1/120*y**6 + y**2 + n*y**3. Determine x(-2).
-6
Let f(p) be the second derivative of 2*p**2 + 0 + 1/20*p**5 - 1/8*p**4 - 1/120*p**6 + p + 1/3*p**3. Let q(g) be the first derivative of f(g). Give q(2).
0
Let w(i) = i - 1. Let a(u) = u**2 + 3*u + 7. Let s(k) = -a(k) - 2*w(k). Calculate s(-5).
-5
Let p(f) be the third derivative of 0*f + 10*f**2 + 0 + 5/6*f**3 + 1/24*f**4. Determine p(-6).
-1
Let o(t) be the third derivative of 0*t + 1/120*t**6 + 1/4*t**4 + 0 - 1/10*t**5 + 6*t**2 - 2/3*t**3. Calculate o(5).
1
Let u(i) = 4 - 2*i - 2 - 6 + 4. Suppose 2*y = -4*t - 12, 5*t + 2 + 13 = 3*y. What is u(t)?
6
Let l(z) = -z**2 + z. Let b(y) = y**2 + y. Let h(d) = -2*b(d) - l(d). Let t be h(-2). Let i(c) = 1 + t*c + 4*c + 2 + 1 + c**2. Determine i(-5).
-1
Let u(o) = -o**2 + 5*o + 6. Let a(i) = -i + 18. Let p be a(-14). Let j = 37 - p. What is u(j)?
6
Let b(n) be the second derivative of 1/6*n**3 - 3*n**2 + 12*n + 0. Determine b(8).
2
Suppose 46*f - 21 = 39*f. Suppose 0 = f*v - 4*w + w - 27, -3*v = 3*w + 3. Let i(b) = -b + 7. Give i(v).
3
Let p(m) be the first derivative of -m**6/120 + m**4/12 - m**3/6 - 6*m**2 + 14. Let h(b) be the second derivative of p(b). What is h(2)?
-5
Let t(n) be the first derivative of n**2 + 6*n - 8. What is t(-7)?
-8
Let g(z) = 2*z**2 - 2*z + 4. Let a be ((-8)/16)/(4 - (-99)/(-24)). Determine g(a).
28
Let t(q) = -3*q - 2. Let l = 296 + -292. What is t(l)?
-14
Let j(p) = -2*p**2 + 6*p - 1. Let f(b) = -18 - 5*b**2 - 2 + 8*b - 2*b - 6 + b**3. Let k be f(5). Determine j(k).
-9
Let m(x) = -18*x**3 - x. Suppose 4 + 16 = 5*b. Suppose -b*i = -3*i - 2. Suppose 0 = -3*p - i*p + 5. Determine m(p).
-19
Let x be (-4)/3*(-15)/5. Suppose -4*j - 2*d = 10, -4*j + x*d - 3*d = 19. Let a(z) = z**2 + 6*z + 6. Determine a(j).
-2
Suppose 4*w - 5*a = -21, 5*w + 8*a + 16 = 4*a. Let f = w + 8. Suppose k + k = f. Let o(x) = x**2 - 2*x + 3. Calculate o(k).
3
Suppose 8 = -2*g, 4*o - 2*g = 2*o - 24. Let t(p) = -p + 20. Give t(o).
36
Suppose -4*f = 3*d - 77 + 72, 0 = -5*d + 7*f + 63. Let a(v) = 7 + 0*v + v - 3*v. Determine a(d).
-7
Let t(h) be the second derivative of h**5/20 + h**4/12 - h**3/6 + h**2 + 76*h - 2. What is t(2)?
12
Let w(b) be the first derivative of b**4/4 + 2*b**3 + 2*b**2 - 3*b + 76. What is w(-5)?
2
Let c(u) = u**3 + 6*u**2 + 6*u. Let d(b) = b**2 + 13*b + 1. Let o be d(-12). Let l be 1 - -1 - (o - -18). Determine c(l).
-5
Let z(k) be the third derivative of k**4/3 - 47*k**3/6 - 632*k**2. What is z(6)?
1
Let q(c) = 5*c. Let o(t) be the second derivative of -3*t**3/2 + 14*t. Let l(m) = 4*o(m) + 7*q(m). Determine l(-1).
1
Let n(u) = 8 + 2 - 1104*u + 2 + 1108*u. Calculate n(-8).
-20
Let j(n) be the second derivative of -n**5/20 - 25*n**4/12 - 23*n**3/6 + 7*n**2 + 935*n. What is j(-24)?
-10
Let g(k) = 19*k + 27*k - k**2 + 7 - 37*k. Determine g(10).
-3
Let t(c) = 5*c. Suppose 105*s + 4 = 103*s. Determine t(s).
-10
Let c(k) = -4*k - 1. Let m be c(-2). Let h be 82/6 + (-5)/(-15). Let z(g) = h*g**2 - 2*g**3 - 10 - 6*g**2 + g**3 - 6*g. Give z(m).
-3
Let r be 0/(3/2*8/6). Let n(j) = 1 + j**2 + 8*j**2 + 10*j**2 + r. Calculate n(1).
20
Let k(o) = 2*o**2 - 6*o + 4. Let y(h) = 5*h**2 - 6*h + 13. Let w(d) = 5*d**2 - 7*d + 12. Let l(m) = 6*w(m) - 5*y(m). Let f(g) = -7*k(g) + 3*l(g). What is f(-5)?
-12
Let o(g) = -4*g**3 - 5*g + 42*g**2 + 1 - 86*g**2 + 45*g**2 + 2*g + g. Suppose -2*r = 2*r. Let x(l) = l**3 + l + 1. Let b be x(r). Determine o(b).
-4
Let t(p) = -p**